{"version":"1.0","provider_name":"F\u00f6rfattarf\u00f6rbundet","provider_url":"https:\/\/forfattarforbundet.se","author_name":"\u00c5sa Nordlinder","author_url":"https:\/\/forfattarforbundet.se\/author\/nordlinder\/","title":"Vi beh\u00f6ver rikta uppm\u00e4rksamheten mot Belarus - F\u00f6rfattarf\u00f6rbundet","type":"rich","width":600,"height":338,"html":"<blockquote class=\"wp-embedded-content\" data-secret=\"dtNTZoV2Gd\"><a href=\"https:\/\/forfattarforbundet.se\/vi-behover-rikta-uppmarksamheten-mot-belarus\/\">Vi beh\u00f6ver rikta uppm\u00e4rksamheten mot Belarus<\/a><\/blockquote><iframe sandbox=\"allow-scripts\" security=\"restricted\" src=\"https:\/\/forfattarforbundet.se\/vi-behover-rikta-uppmarksamheten-mot-belarus\/embed\/#?secret=dtNTZoV2Gd\" width=\"600\" height=\"338\" title=\"\u201dVi beh\u00f6ver rikta uppm\u00e4rksamheten mot Belarus\u201d &ndash; F\u00f6rfattarf\u00f6rbundet\" data-secret=\"dtNTZoV2Gd\" frameborder=\"0\" marginwidth=\"0\" marginheight=\"0\" scrolling=\"no\" class=\"wp-embedded-content\"><\/iframe><script type=\"text\/javascript\">\n\/* <![CDATA[ *\/\n\/*! This file is auto-generated *\/\n!function(d,l){\"use strict\";l.querySelector&&d.addEventListener&&\"undefined\"!=typeof URL&&(d.wp=d.wp||{},d.wp.receiveEmbedMessage||(d.wp.receiveEmbedMessage=function(e){var t=e.data;if((t||t.secret||t.message||t.value)&&!\/[^a-zA-Z0-9]\/.test(t.secret)){for(var s,r,n,a=l.querySelectorAll('iframe[data-secret=\"'+t.secret+'\"]'),o=l.querySelectorAll('blockquote[data-secret=\"'+t.secret+'\"]'),c=new RegExp(\"^https?:$\",\"i\"),i=0;i<o.length;i++)o[i].style.display=\"none\";for(i=0;i<a.length;i++)s=a[i],e.source===s.contentWindow&&(s.removeAttribute(\"style\"),\"height\"===t.message?(1e3<(r=parseInt(t.value,10))?r=1e3:~~r<200&&(r=200),s.height=r):\"link\"===t.message&&(r=new URL(s.getAttribute(\"src\")),n=new URL(t.value),c.test(n.protocol))&&n.host===r.host&&l.activeElement===s&&(d.top.location.href=t.value))}},d.addEventListener(\"message\",d.wp.receiveEmbedMessage,!1),l.addEventListener(\"DOMContentLoaded\",function(){for(var e,t,s=l.querySelectorAll(\"iframe.wp-embedded-content\"),r=0;r<s.length;r++)(t=(e=s[r]).getAttribute(\"data-secret\"))||(t=Math.random().toString(36).substring(2,12),e.src+=\"#?secret=\"+t,e.setAttribute(\"data-secret\",t)),e.contentWindow.postMessage({message:\"ready\",secret:t},\"*\")},!1)))}(window,document);\n\/\/# sourceURL=https:\/\/forfattarforbundet.se\/wp\/wp-includes\/js\/wp-embed.min.js\n\/* ]]> *\/\n<\/script>\n","thumbnail_url":"https:\/\/forfattarforbundet.se\/app\/uploads\/2020\/11\/paviel-horbach-e1605019694563.jpg","thumbnail_width":768,"thumbnail_height":880,"description":"Sveriges F\u00f6rfattarf\u00f6rbund f\u00f6rd\u00f6mer arresteringen av den unge poeten Paviel Horbach. Lukasjenkas desperata f\u00f6rs\u00f6k att tysta det fria ordet \u00e4r ett brott inte bara mot en enskild f\u00f6rfattare utan mot litteraturen som s\u00e5dan, som konstart och m\u00e4nskligt uttryck."}

Författarförbundet

Åsa Nordlinder

Vi behöver rikta uppmärksamheten mot Belarus - Författarförbundet

<blockquote class="wp-embedded-content" data-secret="dtNTZoV2Gd"><a href="https://forfattarforbundet.se/vi-behover-rikta-uppmarksamheten-mot-belarus/">Vi behöver rikta uppmärksamheten mot Belarus</a></blockquote><iframe sandbox="allow-scripts" security="restricted" src="https://forfattarforbundet.se/vi-behover-rikta-uppmarksamheten-mot-belarus/embed/#?secret=dtNTZoV2Gd" width="600" height="338" title="”Vi behöver rikta uppmärksamheten mot Belarus” &ndash; Författarförbundet" data-secret="dtNTZoV2Gd" frameborder="0" marginwidth="0" marginheight="0" scrolling="no" class="wp-embedded-content"></iframe><script type="text/javascript">
/* <![CDATA[ */
/*! This file is auto-generated */
!function(d,l){"use strict";l.querySelector&&d.addEventListener&&"undefined"!=typeof URL&&(d.wp=d.wp||{},d.wp.receiveEmbedMessage||(d.wp.receiveEmbedMessage=function(e){var t=e.data;if((t||t.secret||t.message||t.value)&&!/[^a-zA-Z0-9]/.test(t.secret)){for(var s,r,n,a=l.querySelectorAll('iframe[data-secret="'+t.secret+'"]'),o=l.querySelectorAll('blockquote[data-secret="'+t.secret+'"]'),c=new RegExp("^https?:$","i"),i=0;i<o.length;i++)o[i].style.display="none";for(i=0;i<a.length;i++)s=a[i],e.source===s.contentWindow&&(s.removeAttribute("style"),"height"===t.message?(1e3<(r=parseInt(t.value,10))?r=1e3:~~r<200&&(r=200),s.height=r):"link"===t.message&&(r=new URL(s.getAttribute("src")),n=new URL(t.value),c.test(n.protocol))&&n.host===r.host&&l.activeElement===s&&(d.top.location.href=t.value))}},d.addEventListener("message",d.wp.receiveEmbedMessage,!1),l.addEventListener("DOMContentLoaded",function(){for(var e,t,s=l.querySelectorAll("iframe.wp-embedded-content"),r=0;r<s.length;r++)(t=(e=s[r]).getAttribute("data-secret"))||(t=Math.random().toString(36).substring(2,12),e.src+="#?secret="+t,e.setAttribute("data-secret",t)),e.contentWindow.postMessage({message:"ready",secret:t},"*")},!1)))}(window,document);
//# sourceURL=https://forfattarforbundet.se/wp/wp-includes/js/wp-embed.min.js
/* ]]> */
</script>

Sveriges Författarförbund fördömer arresteringen av den unge poeten Paviel Horbach. Lukasjenkas desperata försök att tysta det fria ordet är ett brott inte bara mot en enskild författare utan mot litteraturen som sådan, som konstart och mänskligt uttryck.
