{"version":"1.0","provider_name":"F\u00f6rfattarf\u00f6rbundet","provider_url":"https:\/\/forfattarforbundet.se","author_name":"\u00c5sa Nordlinder","author_url":"https:\/\/forfattarforbundet.se\/author\/nordlinder\/","title":"Samnordiskt upprop om demokratin, ekonomin och litteraturen - F\u00f6rfattarf\u00f6rbundet","type":"rich","width":600,"height":338,"html":"<blockquote class=\"wp-embedded-content\" data-secret=\"sfRj2eHXTG\"><a href=\"https:\/\/forfattarforbundet.se\/samnordiskt-upprop-om-demokratin-ekonomin-och-litteraturen\/\">Samnordiskt upprop om demokratin, ekonomin och litteraturen<\/a><\/blockquote><iframe sandbox=\"allow-scripts\" security=\"restricted\" src=\"https:\/\/forfattarforbundet.se\/samnordiskt-upprop-om-demokratin-ekonomin-och-litteraturen\/embed\/#?secret=sfRj2eHXTG\" width=\"600\" height=\"338\" title=\"\u201dSamnordiskt upprop om demokratin, ekonomin och litteraturen\u201d &ndash; F\u00f6rfattarf\u00f6rbundet\" data-secret=\"sfRj2eHXTG\" frameborder=\"0\" marginwidth=\"0\" marginheight=\"0\" scrolling=\"no\" class=\"wp-embedded-content\"><\/iframe><script type=\"text\/javascript\">\n\/* <![CDATA[ *\/\n\/*! This file is auto-generated *\/\n!function(d,l){\"use strict\";l.querySelector&&d.addEventListener&&\"undefined\"!=typeof URL&&(d.wp=d.wp||{},d.wp.receiveEmbedMessage||(d.wp.receiveEmbedMessage=function(e){var t=e.data;if((t||t.secret||t.message||t.value)&&!\/[^a-zA-Z0-9]\/.test(t.secret)){for(var s,r,n,a=l.querySelectorAll('iframe[data-secret=\"'+t.secret+'\"]'),o=l.querySelectorAll('blockquote[data-secret=\"'+t.secret+'\"]'),c=new RegExp(\"^https?:$\",\"i\"),i=0;i<o.length;i++)o[i].style.display=\"none\";for(i=0;i<a.length;i++)s=a[i],e.source===s.contentWindow&&(s.removeAttribute(\"style\"),\"height\"===t.message?(1e3<(r=parseInt(t.value,10))?r=1e3:~~r<200&&(r=200),s.height=r):\"link\"===t.message&&(r=new URL(s.getAttribute(\"src\")),n=new URL(t.value),c.test(n.protocol))&&n.host===r.host&&l.activeElement===s&&(d.top.location.href=t.value))}},d.addEventListener(\"message\",d.wp.receiveEmbedMessage,!1),l.addEventListener(\"DOMContentLoaded\",function(){for(var e,t,s=l.querySelectorAll(\"iframe.wp-embedded-content\"),r=0;r<s.length;r++)(t=(e=s[r]).getAttribute(\"data-secret\"))||(t=Math.random().toString(36).substring(2,12),e.src+=\"#?secret=\"+t,e.setAttribute(\"data-secret\",t)),e.contentWindow.postMessage({message:\"ready\",secret:t},\"*\")},!1)))}(window,document);\n\/\/# sourceURL=https:\/\/forfattarforbundet.se\/wp\/wp-includes\/js\/wp-embed.min.js\n\/* ]]> *\/\n<\/script>\n","description":"Varf\u00f6r finns en tilltagande k\u00e4nsla av isolering och utarmning under den synbarliga rikedomen, tillg\u00e4ngligheten, friheten, billigheten och m\u00f6jligheten till gr\u00e4nsl\u00f6s socialitet? Idag, 15 december, publicerar Expressen ett upprop skrivet av F\u00f6rfattarf\u00f6rbundet och nio andra nordiska f\u00f6rfattar- och \u00f6vers\u00e4ttarorganisationer."}

Författarförbundet

Åsa Nordlinder

Samnordiskt upprop om demokratin, ekonomin och litteraturen - Författarförbundet

<blockquote class="wp-embedded-content" data-secret="sfRj2eHXTG"><a href="https://forfattarforbundet.se/samnordiskt-upprop-om-demokratin-ekonomin-och-litteraturen/">Samnordiskt upprop om demokratin, ekonomin och litteraturen</a></blockquote><iframe sandbox="allow-scripts" security="restricted" src="https://forfattarforbundet.se/samnordiskt-upprop-om-demokratin-ekonomin-och-litteraturen/embed/#?secret=sfRj2eHXTG" width="600" height="338" title="”Samnordiskt upprop om demokratin, ekonomin och litteraturen” &ndash; Författarförbundet" data-secret="sfRj2eHXTG" frameborder="0" marginwidth="0" marginheight="0" scrolling="no" class="wp-embedded-content"></iframe><script type="text/javascript">
/* <![CDATA[ */
/*! This file is auto-generated */
!function(d,l){"use strict";l.querySelector&&d.addEventListener&&"undefined"!=typeof URL&&(d.wp=d.wp||{},d.wp.receiveEmbedMessage||(d.wp.receiveEmbedMessage=function(e){var t=e.data;if((t||t.secret||t.message||t.value)&&!/[^a-zA-Z0-9]/.test(t.secret)){for(var s,r,n,a=l.querySelectorAll('iframe[data-secret="'+t.secret+'"]'),o=l.querySelectorAll('blockquote[data-secret="'+t.secret+'"]'),c=new RegExp("^https?:$","i"),i=0;i<o.length;i++)o[i].style.display="none";for(i=0;i<a.length;i++)s=a[i],e.source===s.contentWindow&&(s.removeAttribute("style"),"height"===t.message?(1e3<(r=parseInt(t.value,10))?r=1e3:~~r<200&&(r=200),s.height=r):"link"===t.message&&(r=new URL(s.getAttribute("src")),n=new URL(t.value),c.test(n.protocol))&&n.host===r.host&&l.activeElement===s&&(d.top.location.href=t.value))}},d.addEventListener("message",d.wp.receiveEmbedMessage,!1),l.addEventListener("DOMContentLoaded",function(){for(var e,t,s=l.querySelectorAll("iframe.wp-embedded-content"),r=0;r<s.length;r++)(t=(e=s[r]).getAttribute("data-secret"))||(t=Math.random().toString(36).substring(2,12),e.src+="#?secret="+t,e.setAttribute("data-secret",t)),e.contentWindow.postMessage({message:"ready",secret:t},"*")},!1)))}(window,document);
//# sourceURL=https://forfattarforbundet.se/wp/wp-includes/js/wp-embed.min.js
/* ]]> */
</script>

Varför finns en tilltagande känsla av isolering och utarmning under den synbarliga rikedomen, tillgängligheten, friheten, billigheten och möjligheten till gränslös socialitet? Idag, 15 december, publicerar Expressen ett upprop skrivet av Författarförbundet och nio andra nordiska författar- och översättarorganisationer.
