{"version":"1.0","provider_name":"F\u00f6rfattarf\u00f6rbundet","provider_url":"https:\/\/forfattarforbundet.se","author_name":"\u00c5sa Nordlinder","author_url":"https:\/\/forfattarforbundet.se\/author\/nordlinder\/","title":"L\u00e4s Gui Minhais dikt Lucia! - F\u00f6rfattarf\u00f6rbundet","type":"rich","width":600,"height":338,"html":"<blockquote class=\"wp-embedded-content\" data-secret=\"tVTVE79NWv\"><a href=\"https:\/\/forfattarforbundet.se\/las-gui-minhais-dikt-lucia-over-hela-landet\/\">L\u00e4s Gui Minhais dikt Lucia!<\/a><\/blockquote><iframe sandbox=\"allow-scripts\" security=\"restricted\" src=\"https:\/\/forfattarforbundet.se\/las-gui-minhais-dikt-lucia-over-hela-landet\/embed\/#?secret=tVTVE79NWv\" width=\"600\" height=\"338\" title=\"\u201dL\u00e4s Gui Minhais dikt Lucia!\u201d &ndash; F\u00f6rfattarf\u00f6rbundet\" data-secret=\"tVTVE79NWv\" frameborder=\"0\" marginwidth=\"0\" marginheight=\"0\" scrolling=\"no\" class=\"wp-embedded-content\"><\/iframe><script type=\"text\/javascript\">\n\/* <![CDATA[ *\/\n\/*! This file is auto-generated *\/\n!function(d,l){\"use strict\";l.querySelector&&d.addEventListener&&\"undefined\"!=typeof URL&&(d.wp=d.wp||{},d.wp.receiveEmbedMessage||(d.wp.receiveEmbedMessage=function(e){var t=e.data;if((t||t.secret||t.message||t.value)&&!\/[^a-zA-Z0-9]\/.test(t.secret)){for(var s,r,n,a=l.querySelectorAll('iframe[data-secret=\"'+t.secret+'\"]'),o=l.querySelectorAll('blockquote[data-secret=\"'+t.secret+'\"]'),c=new RegExp(\"^https?:$\",\"i\"),i=0;i<o.length;i++)o[i].style.display=\"none\";for(i=0;i<a.length;i++)s=a[i],e.source===s.contentWindow&&(s.removeAttribute(\"style\"),\"height\"===t.message?(1e3<(r=parseInt(t.value,10))?r=1e3:~~r<200&&(r=200),s.height=r):\"link\"===t.message&&(r=new URL(s.getAttribute(\"src\")),n=new URL(t.value),c.test(n.protocol))&&n.host===r.host&&l.activeElement===s&&(d.top.location.href=t.value))}},d.addEventListener(\"message\",d.wp.receiveEmbedMessage,!1),l.addEventListener(\"DOMContentLoaded\",function(){for(var e,t,s=l.querySelectorAll(\"iframe.wp-embedded-content\"),r=0;r<s.length;r++)(t=(e=s[r]).getAttribute(\"data-secret\"))||(t=Math.random().toString(36).substring(2,12),e.src+=\"#?secret=\"+t,e.setAttribute(\"data-secret\",t)),e.contentWindow.postMessage({message:\"ready\",secret:t},\"*\")},!1)))}(window,document);\n\/\/# sourceURL=https:\/\/forfattarforbundet.se\/wp\/wp-includes\/js\/wp-embed.min.js\n\/* ]]> *\/\n<\/script>\n","thumbnail_url":"https:\/\/forfattarforbundet.se\/app\/uploads\/2022\/12\/Lucia_besk-1.jpg","thumbnail_width":707,"thumbnail_height":656,"description":"I oktober publicerade Dagens Nyheter Grethe Rottb\u00f6lls och Kurdo Baksis uppmaning att l\u00e4sa den f\u00e4ngslade f\u00f6rl\u00e4ggaren Gui Minhais dikt Lucia. \"Alla f\u00e4ngslade journalister, f\u00f6rfattare och demokratiarbetare v\u00e4rlden \u00f6ver borde f\u00e5 bli delaktiga i \u00e5rets luciafirande.\""}

Författarförbundet

Åsa Nordlinder

Läs Gui Minhais dikt Lucia! - Författarförbundet

<blockquote class="wp-embedded-content" data-secret="tVTVE79NWv"><a href="https://forfattarforbundet.se/las-gui-minhais-dikt-lucia-over-hela-landet/">Läs Gui Minhais dikt Lucia!</a></blockquote><iframe sandbox="allow-scripts" security="restricted" src="https://forfattarforbundet.se/las-gui-minhais-dikt-lucia-over-hela-landet/embed/#?secret=tVTVE79NWv" width="600" height="338" title="”Läs Gui Minhais dikt Lucia!” &ndash; Författarförbundet" data-secret="tVTVE79NWv" frameborder="0" marginwidth="0" marginheight="0" scrolling="no" class="wp-embedded-content"></iframe><script type="text/javascript">
/* <![CDATA[ */
/*! This file is auto-generated */
!function(d,l){"use strict";l.querySelector&&d.addEventListener&&"undefined"!=typeof URL&&(d.wp=d.wp||{},d.wp.receiveEmbedMessage||(d.wp.receiveEmbedMessage=function(e){var t=e.data;if((t||t.secret||t.message||t.value)&&!/[^a-zA-Z0-9]/.test(t.secret)){for(var s,r,n,a=l.querySelectorAll('iframe[data-secret="'+t.secret+'"]'),o=l.querySelectorAll('blockquote[data-secret="'+t.secret+'"]'),c=new RegExp("^https?:$","i"),i=0;i<o.length;i++)o[i].style.display="none";for(i=0;i<a.length;i++)s=a[i],e.source===s.contentWindow&&(s.removeAttribute("style"),"height"===t.message?(1e3<(r=parseInt(t.value,10))?r=1e3:~~r<200&&(r=200),s.height=r):"link"===t.message&&(r=new URL(s.getAttribute("src")),n=new URL(t.value),c.test(n.protocol))&&n.host===r.host&&l.activeElement===s&&(d.top.location.href=t.value))}},d.addEventListener("message",d.wp.receiveEmbedMessage,!1),l.addEventListener("DOMContentLoaded",function(){for(var e,t,s=l.querySelectorAll("iframe.wp-embedded-content"),r=0;r<s.length;r++)(t=(e=s[r]).getAttribute("data-secret"))||(t=Math.random().toString(36).substring(2,12),e.src+="#?secret="+t,e.setAttribute("data-secret",t)),e.contentWindow.postMessage({message:"ready",secret:t},"*")},!1)))}(window,document);
//# sourceURL=https://forfattarforbundet.se/wp/wp-includes/js/wp-embed.min.js
/* ]]> */
</script>

I oktober publicerade Dagens Nyheter Grethe Rottbölls och Kurdo Baksis uppmaning att läsa den fängslade förläggaren Gui Minhais dikt Lucia. "Alla fängslade journalister, författare och demokratiarbetare världen över borde få bli delaktiga i årets luciafirande."
