{"version":"1.0","provider_name":"F\u00f6rfattarf\u00f6rbundet","provider_url":"https:\/\/forfattarforbundet.se","author_name":"Anton Samuelsson","author_url":"https:\/\/forfattarforbundet.se\/author\/anton-samuelsson\/","title":"Medlemsm\u00f6te i \u00f6vers\u00e4ttarsektionen - F\u00f6rfattarf\u00f6rbundet","type":"rich","width":600,"height":338,"html":"<blockquote class=\"wp-embedded-content\" data-secret=\"ZCOpMOqaI5\"><a href=\"https:\/\/forfattarforbundet.se\/kalendarium\/kalenderhandelse\/medlemsmote-i-oversattarsektionen\/\">Medlemsm\u00f6te i \u00f6vers\u00e4ttarsektionen<\/a><\/blockquote><iframe sandbox=\"allow-scripts\" security=\"restricted\" src=\"https:\/\/forfattarforbundet.se\/kalendarium\/kalenderhandelse\/medlemsmote-i-oversattarsektionen\/embed\/#?secret=ZCOpMOqaI5\" width=\"600\" height=\"338\" title=\"\u201dMedlemsm\u00f6te i \u00f6vers\u00e4ttarsektionen\u201d &ndash; F\u00f6rfattarf\u00f6rbundet\" data-secret=\"ZCOpMOqaI5\" frameborder=\"0\" marginwidth=\"0\" marginheight=\"0\" scrolling=\"no\" class=\"wp-embedded-content\"><\/iframe><script type=\"text\/javascript\">\n\/* <![CDATA[ *\/\n\/*! This file is auto-generated *\/\n!function(d,l){\"use strict\";l.querySelector&&d.addEventListener&&\"undefined\"!=typeof URL&&(d.wp=d.wp||{},d.wp.receiveEmbedMessage||(d.wp.receiveEmbedMessage=function(e){var t=e.data;if((t||t.secret||t.message||t.value)&&!\/[^a-zA-Z0-9]\/.test(t.secret)){for(var s,r,n,a=l.querySelectorAll('iframe[data-secret=\"'+t.secret+'\"]'),o=l.querySelectorAll('blockquote[data-secret=\"'+t.secret+'\"]'),c=new RegExp(\"^https?:$\",\"i\"),i=0;i<o.length;i++)o[i].style.display=\"none\";for(i=0;i<a.length;i++)s=a[i],e.source===s.contentWindow&&(s.removeAttribute(\"style\"),\"height\"===t.message?(1e3<(r=parseInt(t.value,10))?r=1e3:~~r<200&&(r=200),s.height=r):\"link\"===t.message&&(r=new URL(s.getAttribute(\"src\")),n=new URL(t.value),c.test(n.protocol))&&n.host===r.host&&l.activeElement===s&&(d.top.location.href=t.value))}},d.addEventListener(\"message\",d.wp.receiveEmbedMessage,!1),l.addEventListener(\"DOMContentLoaded\",function(){for(var e,t,s=l.querySelectorAll(\"iframe.wp-embedded-content\"),r=0;r<s.length;r++)(t=(e=s[r]).getAttribute(\"data-secret\"))||(t=Math.random().toString(36).substring(2,12),e.src+=\"#?secret=\"+t,e.setAttribute(\"data-secret\",t)),e.contentWindow.postMessage({message:\"ready\",secret:t},\"*\")},!1)))}(window,document);\n\/\/# sourceURL=https:\/\/forfattarforbundet.se\/wp\/wp-includes\/js\/wp-embed.min.js\n\/* ]]> *\/\n<\/script>\n","description":"V\u00e4lkommen p\u00e5 medlemsm\u00f6te i \u00d6vers\u00e4ttarsektionen den 5 december klockan 19 i F\u00f6rfattarnas hus, Drottninggatan 88B, Stockholm. Efter ett kort mingel \u2013 d\u00e5 \u00d6-baren \u00e4r \u00f6ppen och s\u00e4ljer vin till sj\u00e4lvkostnadspris \u2013 tar vi med oss den goda plockmaten (gratis, s\u00e5klart) till bords och byter julklappar med varandra (ta med en inslagen \u00f6versatt bok, en egen..."}

Författarförbundet

Medlemsmöte i översättarsektionen - Författarförbundet

<blockquote class="wp-embedded-content" data-secret="ZCOpMOqaI5"><a href="https://forfattarforbundet.se/kalendarium/kalenderhandelse/medlemsmote-i-oversattarsektionen/">Medlemsmöte i översättarsektionen</a></blockquote><iframe sandbox="allow-scripts" security="restricted" src="https://forfattarforbundet.se/kalendarium/kalenderhandelse/medlemsmote-i-oversattarsektionen/embed/#?secret=ZCOpMOqaI5" width="600" height="338" title="”Medlemsmöte i översättarsektionen” &ndash; Författarförbundet" data-secret="ZCOpMOqaI5" frameborder="0" marginwidth="0" marginheight="0" scrolling="no" class="wp-embedded-content"></iframe><script type="text/javascript">
/* <![CDATA[ */
/*! This file is auto-generated */
!function(d,l){"use strict";l.querySelector&&d.addEventListener&&"undefined"!=typeof URL&&(d.wp=d.wp||{},d.wp.receiveEmbedMessage||(d.wp.receiveEmbedMessage=function(e){var t=e.data;if((t||t.secret||t.message||t.value)&&!/[^a-zA-Z0-9]/.test(t.secret)){for(var s,r,n,a=l.querySelectorAll('iframe[data-secret="'+t.secret+'"]'),o=l.querySelectorAll('blockquote[data-secret="'+t.secret+'"]'),c=new RegExp("^https?:$","i"),i=0;i<o.length;i++)o[i].style.display="none";for(i=0;i<a.length;i++)s=a[i],e.source===s.contentWindow&&(s.removeAttribute("style"),"height"===t.message?(1e3<(r=parseInt(t.value,10))?r=1e3:~~r<200&&(r=200),s.height=r):"link"===t.message&&(r=new URL(s.getAttribute("src")),n=new URL(t.value),c.test(n.protocol))&&n.host===r.host&&l.activeElement===s&&(d.top.location.href=t.value))}},d.addEventListener("message",d.wp.receiveEmbedMessage,!1),l.addEventListener("DOMContentLoaded",function(){for(var e,t,s=l.querySelectorAll("iframe.wp-embedded-content"),r=0;r<s.length;r++)(t=(e=s[r]).getAttribute("data-secret"))||(t=Math.random().toString(36).substring(2,12),e.src+="#?secret="+t,e.setAttribute("data-secret",t)),e.contentWindow.postMessage({message:"ready",secret:t},"*")},!1)))}(window,document);
//# sourceURL=https://forfattarforbundet.se/wp/wp-includes/js/wp-embed.min.js
/* ]]> */
</script>

Välkommen på medlemsmöte i Översättarsektionen den 5 december klockan 19 i Författarnas hus, Drottninggatan 88B, Stockholm. Efter ett kort mingel – då Ö-baren är öppen och säljer vin till självkostnadspris – tar vi med oss den goda plockmaten (gratis, såklart) till bords och byter julklappar med varandra (ta med en inslagen översatt bok, en egen...
