{"version":"1.0","provider_name":"F\u00f6rfattarf\u00f6rbundet","provider_url":"https:\/\/forfattarforbundet.se","author_name":"\u00c5sa Nordlinder","author_url":"https:\/\/forfattarforbundet.se\/author\/nordlinder\/","title":"Kritik, litteraturens stambana - F\u00f6rfattarf\u00f6rbundet","type":"rich","width":600,"height":338,"html":"<blockquote class=\"wp-embedded-content\" data-secret=\"CUMeq2qlJY\"><a href=\"https:\/\/forfattarforbundet.se\/kalendarium\/kalenderhandelse\/kritik-litteraturens-stambana\/\">Kritik, litteraturens stambana<\/a><\/blockquote><iframe sandbox=\"allow-scripts\" security=\"restricted\" src=\"https:\/\/forfattarforbundet.se\/kalendarium\/kalenderhandelse\/kritik-litteraturens-stambana\/embed\/#?secret=CUMeq2qlJY\" width=\"600\" height=\"338\" title=\"\u201dKritik, litteraturens stambana\u201d &ndash; F\u00f6rfattarf\u00f6rbundet\" data-secret=\"CUMeq2qlJY\" frameborder=\"0\" marginwidth=\"0\" marginheight=\"0\" scrolling=\"no\" class=\"wp-embedded-content\"><\/iframe><script type=\"text\/javascript\">\n\/* <![CDATA[ *\/\n\/*! This file is auto-generated *\/\n!function(d,l){\"use strict\";l.querySelector&&d.addEventListener&&\"undefined\"!=typeof URL&&(d.wp=d.wp||{},d.wp.receiveEmbedMessage||(d.wp.receiveEmbedMessage=function(e){var t=e.data;if((t||t.secret||t.message||t.value)&&!\/[^a-zA-Z0-9]\/.test(t.secret)){for(var s,r,n,a=l.querySelectorAll('iframe[data-secret=\"'+t.secret+'\"]'),o=l.querySelectorAll('blockquote[data-secret=\"'+t.secret+'\"]'),c=new RegExp(\"^https?:$\",\"i\"),i=0;i<o.length;i++)o[i].style.display=\"none\";for(i=0;i<a.length;i++)s=a[i],e.source===s.contentWindow&&(s.removeAttribute(\"style\"),\"height\"===t.message?(1e3<(r=parseInt(t.value,10))?r=1e3:~~r<200&&(r=200),s.height=r):\"link\"===t.message&&(r=new URL(s.getAttribute(\"src\")),n=new URL(t.value),c.test(n.protocol))&&n.host===r.host&&l.activeElement===s&&(d.top.location.href=t.value))}},d.addEventListener(\"message\",d.wp.receiveEmbedMessage,!1),l.addEventListener(\"DOMContentLoaded\",function(){for(var e,t,s=l.querySelectorAll(\"iframe.wp-embedded-content\"),r=0;r<s.length;r++)(t=(e=s[r]).getAttribute(\"data-secret\"))||(t=Math.random().toString(36).substring(2,12),e.src+=\"#?secret=\"+t,e.setAttribute(\"data-secret\",t)),e.contentWindow.postMessage({message:\"ready\",secret:t},\"*\")},!1)))}(window,document);\n\/\/# sourceURL=https:\/\/forfattarforbundet.se\/wp\/wp-includes\/js\/wp-embed.min.js\n\/* ]]> *\/\n<\/script>\n","description":"Kultur- och litteraturkritiken \u00e4r avg\u00f6rande f\u00f6r ett lands kulturella och litter\u00e4ra liv. Utan den kommer en intresserad och l\u00e4sande allm\u00e4nhet ofta \u00f6verhuvudtaget inte i kontakt med en stor del av det kvalitativa utbudet och den kvalitativa utgivningen. Somliga menar att fr\u00e5nvaron av en vittfamnande, autonom och kvalitativ kulturkritik skulle inneb\u00e4ra ett s\u00e5dant grundskott mot den..."}

Författarförbundet

Åsa Nordlinder

Kritik, litteraturens stambana - Författarförbundet

<blockquote class="wp-embedded-content" data-secret="CUMeq2qlJY"><a href="https://forfattarforbundet.se/kalendarium/kalenderhandelse/kritik-litteraturens-stambana/">Kritik, litteraturens stambana</a></blockquote><iframe sandbox="allow-scripts" security="restricted" src="https://forfattarforbundet.se/kalendarium/kalenderhandelse/kritik-litteraturens-stambana/embed/#?secret=CUMeq2qlJY" width="600" height="338" title="”Kritik, litteraturens stambana” &ndash; Författarförbundet" data-secret="CUMeq2qlJY" frameborder="0" marginwidth="0" marginheight="0" scrolling="no" class="wp-embedded-content"></iframe><script type="text/javascript">
/* <![CDATA[ */
/*! This file is auto-generated */
!function(d,l){"use strict";l.querySelector&&d.addEventListener&&"undefined"!=typeof URL&&(d.wp=d.wp||{},d.wp.receiveEmbedMessage||(d.wp.receiveEmbedMessage=function(e){var t=e.data;if((t||t.secret||t.message||t.value)&&!/[^a-zA-Z0-9]/.test(t.secret)){for(var s,r,n,a=l.querySelectorAll('iframe[data-secret="'+t.secret+'"]'),o=l.querySelectorAll('blockquote[data-secret="'+t.secret+'"]'),c=new RegExp("^https?:$","i"),i=0;i<o.length;i++)o[i].style.display="none";for(i=0;i<a.length;i++)s=a[i],e.source===s.contentWindow&&(s.removeAttribute("style"),"height"===t.message?(1e3<(r=parseInt(t.value,10))?r=1e3:~~r<200&&(r=200),s.height=r):"link"===t.message&&(r=new URL(s.getAttribute("src")),n=new URL(t.value),c.test(n.protocol))&&n.host===r.host&&l.activeElement===s&&(d.top.location.href=t.value))}},d.addEventListener("message",d.wp.receiveEmbedMessage,!1),l.addEventListener("DOMContentLoaded",function(){for(var e,t,s=l.querySelectorAll("iframe.wp-embedded-content"),r=0;r<s.length;r++)(t=(e=s[r]).getAttribute("data-secret"))||(t=Math.random().toString(36).substring(2,12),e.src+="#?secret="+t,e.setAttribute("data-secret",t)),e.contentWindow.postMessage({message:"ready",secret:t},"*")},!1)))}(window,document);
//# sourceURL=https://forfattarforbundet.se/wp/wp-includes/js/wp-embed.min.js
/* ]]> */
</script>

Kultur- och litteraturkritiken är avgörande för ett lands kulturella och litterära liv. Utan den kommer en intresserad och läsande allmänhet ofta överhuvudtaget inte i kontakt med en stor del av det kvalitativa utbudet och den kvalitativa utgivningen. Somliga menar att frånvaron av en vittfamnande, autonom och kvalitativ kulturkritik skulle innebära ett sådant grundskott mot den...
