{"version":"1.0","provider_name":"F\u00f6rfattarf\u00f6rbundet","provider_url":"https:\/\/forfattarforbundet.se","author_name":"Annie Norin","author_url":"https:\/\/forfattarforbundet.se\/author\/annie-norin\/","title":"Elsa Thulin-priset 2023 - F\u00f6rfattarf\u00f6rbundet","type":"rich","width":600,"height":338,"html":"<blockquote class=\"wp-embedded-content\" data-secret=\"zb5lFzfTNH\"><a href=\"https:\/\/forfattarforbundet.se\/kalendarium\/kalenderhandelse\/elsa-thulin-utdelningen\/\">Elsa Thulin-priset 2023<\/a><\/blockquote><iframe sandbox=\"allow-scripts\" security=\"restricted\" src=\"https:\/\/forfattarforbundet.se\/kalendarium\/kalenderhandelse\/elsa-thulin-utdelningen\/embed\/#?secret=zb5lFzfTNH\" width=\"600\" height=\"338\" title=\"\u201dElsa Thulin-priset 2023\u201d &ndash; F\u00f6rfattarf\u00f6rbundet\" data-secret=\"zb5lFzfTNH\" frameborder=\"0\" marginwidth=\"0\" marginheight=\"0\" scrolling=\"no\" class=\"wp-embedded-content\"><\/iframe><script type=\"text\/javascript\">\n\/* <![CDATA[ *\/\n\/*! This file is auto-generated *\/\n!function(d,l){\"use strict\";l.querySelector&&d.addEventListener&&\"undefined\"!=typeof URL&&(d.wp=d.wp||{},d.wp.receiveEmbedMessage||(d.wp.receiveEmbedMessage=function(e){var t=e.data;if((t||t.secret||t.message||t.value)&&!\/[^a-zA-Z0-9]\/.test(t.secret)){for(var s,r,n,a=l.querySelectorAll('iframe[data-secret=\"'+t.secret+'\"]'),o=l.querySelectorAll('blockquote[data-secret=\"'+t.secret+'\"]'),c=new RegExp(\"^https?:$\",\"i\"),i=0;i<o.length;i++)o[i].style.display=\"none\";for(i=0;i<a.length;i++)s=a[i],e.source===s.contentWindow&&(s.removeAttribute(\"style\"),\"height\"===t.message?(1e3<(r=parseInt(t.value,10))?r=1e3:~~r<200&&(r=200),s.height=r):\"link\"===t.message&&(r=new URL(s.getAttribute(\"src\")),n=new URL(t.value),c.test(n.protocol))&&n.host===r.host&&l.activeElement===s&&(d.top.location.href=t.value))}},d.addEventListener(\"message\",d.wp.receiveEmbedMessage,!1),l.addEventListener(\"DOMContentLoaded\",function(){for(var e,t,s=l.querySelectorAll(\"iframe.wp-embedded-content\"),r=0;r<s.length;r++)(t=(e=s[r]).getAttribute(\"data-secret\"))||(t=Math.random().toString(36).substring(2,12),e.src+=\"#?secret=\"+t,e.setAttribute(\"data-secret\",t)),e.contentWindow.postMessage({message:\"ready\",secret:t},\"*\")},!1)))}(window,document);\n\/\/# sourceURL=https:\/\/forfattarforbundet.se\/wp\/wp-includes\/js\/wp-embed.min.js\n\/* ]]> *\/\n<\/script>\n","description":"V\u00e4lkomna att fira 2023 \u00e5rs Elsa Thulin-pristagare Meta Ottosson! Det \u00e4r med stor gl\u00e4dje vi bjuder in till att fira Meta Ottosson som mottagare av 2023 \u00e5rs Elsa Thulins \u00f6vers\u00e4ttarpris, f\u00f6r framst\u00e5ende \u00f6vers\u00e4ttarg\u00e4rning. Meta Ottosson har sedan 1975 varit verksam som litter\u00e4r \u00f6vers\u00e4ttare fr\u00e5n engelska och tyska till det svenska spr\u00e5ket. Listan \u00f6ver av Meta...","thumbnail_url":"https:\/\/forfattarforbundet.se\/app\/uploads\/2024\/04\/meta_ottosson_2016_fotograf_mette_ottosson-1-500x333.jpg"}

Författarförbundet

Elsa Thulin-priset 2023 - Författarförbundet

<blockquote class="wp-embedded-content" data-secret="zb5lFzfTNH"><a href="https://forfattarforbundet.se/kalendarium/kalenderhandelse/elsa-thulin-utdelningen/">Elsa Thulin-priset 2023</a></blockquote><iframe sandbox="allow-scripts" security="restricted" src="https://forfattarforbundet.se/kalendarium/kalenderhandelse/elsa-thulin-utdelningen/embed/#?secret=zb5lFzfTNH" width="600" height="338" title="”Elsa Thulin-priset 2023” &ndash; Författarförbundet" data-secret="zb5lFzfTNH" frameborder="0" marginwidth="0" marginheight="0" scrolling="no" class="wp-embedded-content"></iframe><script type="text/javascript">
/* <![CDATA[ */
/*! This file is auto-generated */
!function(d,l){"use strict";l.querySelector&&d.addEventListener&&"undefined"!=typeof URL&&(d.wp=d.wp||{},d.wp.receiveEmbedMessage||(d.wp.receiveEmbedMessage=function(e){var t=e.data;if((t||t.secret||t.message||t.value)&&!/[^a-zA-Z0-9]/.test(t.secret)){for(var s,r,n,a=l.querySelectorAll('iframe[data-secret="'+t.secret+'"]'),o=l.querySelectorAll('blockquote[data-secret="'+t.secret+'"]'),c=new RegExp("^https?:$","i"),i=0;i<o.length;i++)o[i].style.display="none";for(i=0;i<a.length;i++)s=a[i],e.source===s.contentWindow&&(s.removeAttribute("style"),"height"===t.message?(1e3<(r=parseInt(t.value,10))?r=1e3:~~r<200&&(r=200),s.height=r):"link"===t.message&&(r=new URL(s.getAttribute("src")),n=new URL(t.value),c.test(n.protocol))&&n.host===r.host&&l.activeElement===s&&(d.top.location.href=t.value))}},d.addEventListener("message",d.wp.receiveEmbedMessage,!1),l.addEventListener("DOMContentLoaded",function(){for(var e,t,s=l.querySelectorAll("iframe.wp-embedded-content"),r=0;r<s.length;r++)(t=(e=s[r]).getAttribute("data-secret"))||(t=Math.random().toString(36).substring(2,12),e.src+="#?secret="+t,e.setAttribute("data-secret",t)),e.contentWindow.postMessage({message:"ready",secret:t},"*")},!1)))}(window,document);
//# sourceURL=https://forfattarforbundet.se/wp/wp-includes/js/wp-embed.min.js
/* ]]> */
</script>

Välkomna att fira 2023 års Elsa Thulin-pristagare Meta Ottosson! Det är med stor glädje vi bjuder in till att fira Meta Ottosson som mottagare av 2023 års Elsa Thulins översättarpris, för framstående översättargärning. Meta Ottosson har sedan 1975 varit verksam som litterär översättare från engelska och tyska till det svenska språket. Listan över av Meta...
