{"version":"1.0","provider_name":"F\u00f6rfattarf\u00f6rbundet","provider_url":"https:\/\/forfattarforbundet.se","author_name":"Annie Norin","author_url":"https:\/\/forfattarforbundet.se\/author\/annie-norin\/","title":"Debutantdagen - kurs och mingel - F\u00f6rfattarf\u00f6rbundet","type":"rich","width":600,"height":338,"html":"<blockquote class=\"wp-embedded-content\" data-secret=\"1bSJqi9DGG\"><a href=\"https:\/\/forfattarforbundet.se\/kalendarium\/kalenderhandelse\/debutantdagen-kurs-och-mingel\/\">Debutantdagen &#8211; kurs och mingel<\/a><\/blockquote><iframe sandbox=\"allow-scripts\" security=\"restricted\" src=\"https:\/\/forfattarforbundet.se\/kalendarium\/kalenderhandelse\/debutantdagen-kurs-och-mingel\/embed\/#?secret=1bSJqi9DGG\" width=\"600\" height=\"338\" title=\"\u201dDebutantdagen &#8211; kurs och mingel\u201d &ndash; F\u00f6rfattarf\u00f6rbundet\" data-secret=\"1bSJqi9DGG\" frameborder=\"0\" marginwidth=\"0\" marginheight=\"0\" scrolling=\"no\" class=\"wp-embedded-content\"><\/iframe><script type=\"text\/javascript\">\n\/* <![CDATA[ *\/\n\/*! This file is auto-generated *\/\n!function(d,l){\"use strict\";l.querySelector&&d.addEventListener&&\"undefined\"!=typeof URL&&(d.wp=d.wp||{},d.wp.receiveEmbedMessage||(d.wp.receiveEmbedMessage=function(e){var t=e.data;if((t||t.secret||t.message||t.value)&&!\/[^a-zA-Z0-9]\/.test(t.secret)){for(var s,r,n,a=l.querySelectorAll('iframe[data-secret=\"'+t.secret+'\"]'),o=l.querySelectorAll('blockquote[data-secret=\"'+t.secret+'\"]'),c=new RegExp(\"^https?:$\",\"i\"),i=0;i<o.length;i++)o[i].style.display=\"none\";for(i=0;i<a.length;i++)s=a[i],e.source===s.contentWindow&&(s.removeAttribute(\"style\"),\"height\"===t.message?(1e3<(r=parseInt(t.value,10))?r=1e3:~~r<200&&(r=200),s.height=r):\"link\"===t.message&&(r=new URL(s.getAttribute(\"src\")),n=new URL(t.value),c.test(n.protocol))&&n.host===r.host&&l.activeElement===s&&(d.top.location.href=t.value))}},d.addEventListener(\"message\",d.wp.receiveEmbedMessage,!1),l.addEventListener(\"DOMContentLoaded\",function(){for(var e,t,s=l.querySelectorAll(\"iframe.wp-embedded-content\"),r=0;r<s.length;r++)(t=(e=s[r]).getAttribute(\"data-secret\"))||(t=Math.random().toString(36).substring(2,12),e.src+=\"#?secret=\"+t,e.setAttribute(\"data-secret\",t)),e.contentWindow.postMessage({message:\"ready\",secret:t},\"*\")},!1)))}(window,document);\n\/\/# sourceURL=https:\/\/forfattarforbundet.se\/wp\/wp-includes\/js\/wp-embed.min.js\n\/* ]]> *\/\n<\/script>\n","description":"F\u00f6r dig som \u00e4r f\u00f6rfattare och \u00e4nnu inte kan s\u00f6ka medlemskap i Sveriges F\u00f6rfattarf\u00f6rbund erbjuder vi en kostnadsfri kurs f\u00f6r debutanter. Vi har uppm\u00e4rksammat att det finns m\u00e5nga fr\u00e5gor inf\u00f6r avtalstecknande men ocks\u00e5 andra fr\u00e5gor r\u00f6rande arvoden vid uppdrag och f\u00f6retagande. Nu bjuder vi in dig som har eller ska\u00a0debutera\u00a0eller g\u00e5r en skrivarkurs till en..."}

Författarförbundet

Debutantdagen - kurs och mingel - Författarförbundet

<blockquote class="wp-embedded-content" data-secret="1bSJqi9DGG"><a href="https://forfattarforbundet.se/kalendarium/kalenderhandelse/debutantdagen-kurs-och-mingel/">Debutantdagen &#8211; kurs och mingel</a></blockquote><iframe sandbox="allow-scripts" security="restricted" src="https://forfattarforbundet.se/kalendarium/kalenderhandelse/debutantdagen-kurs-och-mingel/embed/#?secret=1bSJqi9DGG" width="600" height="338" title="”Debutantdagen &#8211; kurs och mingel” &ndash; Författarförbundet" data-secret="1bSJqi9DGG" frameborder="0" marginwidth="0" marginheight="0" scrolling="no" class="wp-embedded-content"></iframe><script type="text/javascript">
/* <![CDATA[ */
/*! This file is auto-generated */
!function(d,l){"use strict";l.querySelector&&d.addEventListener&&"undefined"!=typeof URL&&(d.wp=d.wp||{},d.wp.receiveEmbedMessage||(d.wp.receiveEmbedMessage=function(e){var t=e.data;if((t||t.secret||t.message||t.value)&&!/[^a-zA-Z0-9]/.test(t.secret)){for(var s,r,n,a=l.querySelectorAll('iframe[data-secret="'+t.secret+'"]'),o=l.querySelectorAll('blockquote[data-secret="'+t.secret+'"]'),c=new RegExp("^https?:$","i"),i=0;i<o.length;i++)o[i].style.display="none";for(i=0;i<a.length;i++)s=a[i],e.source===s.contentWindow&&(s.removeAttribute("style"),"height"===t.message?(1e3<(r=parseInt(t.value,10))?r=1e3:~~r<200&&(r=200),s.height=r):"link"===t.message&&(r=new URL(s.getAttribute("src")),n=new URL(t.value),c.test(n.protocol))&&n.host===r.host&&l.activeElement===s&&(d.top.location.href=t.value))}},d.addEventListener("message",d.wp.receiveEmbedMessage,!1),l.addEventListener("DOMContentLoaded",function(){for(var e,t,s=l.querySelectorAll("iframe.wp-embedded-content"),r=0;r<s.length;r++)(t=(e=s[r]).getAttribute("data-secret"))||(t=Math.random().toString(36).substring(2,12),e.src+="#?secret="+t,e.setAttribute("data-secret",t)),e.contentWindow.postMessage({message:"ready",secret:t},"*")},!1)))}(window,document);
//# sourceURL=https://forfattarforbundet.se/wp/wp-includes/js/wp-embed.min.js
/* ]]> */
</script>

För dig som är författare och ännu inte kan söka medlemskap i Sveriges Författarförbund erbjuder vi en kostnadsfri kurs för debutanter. Vi har uppmärksammat att det finns många frågor inför avtalstecknande men också andra frågor rörande arvoden vid uppdrag och företagande. Nu bjuder vi in dig som har eller ska debutera eller går en skrivarkurs till en...
