{"version":"1.0","provider_name":"F\u00f6rfattarf\u00f6rbundet","provider_url":"https:\/\/forfattarforbundet.se","author_name":"\u00c5sa Nordlinder","author_url":"https:\/\/forfattarforbundet.se\/author\/nordlinder\/","title":"8 mars kl 18.30 \u2013 Kvinnor vid brunnen - F\u00f6rfattarf\u00f6rbundet","type":"rich","width":600,"height":338,"html":"<blockquote class=\"wp-embedded-content\" data-secret=\"FIY1ZYrCyU\"><a href=\"https:\/\/forfattarforbundet.se\/kalendarium\/kalenderhandelse\/8-mars-kl-18-30-kvinnor-vid-brunnen\/\">8 mars kl 18.30 \u2013 Kvinnor vid brunnen<\/a><\/blockquote><iframe sandbox=\"allow-scripts\" security=\"restricted\" src=\"https:\/\/forfattarforbundet.se\/kalendarium\/kalenderhandelse\/8-mars-kl-18-30-kvinnor-vid-brunnen\/embed\/#?secret=FIY1ZYrCyU\" width=\"600\" height=\"338\" title=\"\u201d8 mars kl 18.30 \u2013 Kvinnor vid brunnen\u201d &ndash; F\u00f6rfattarf\u00f6rbundet\" data-secret=\"FIY1ZYrCyU\" frameborder=\"0\" marginwidth=\"0\" marginheight=\"0\" scrolling=\"no\" class=\"wp-embedded-content\"><\/iframe><script type=\"text\/javascript\">\n\/* <![CDATA[ *\/\n\/*! This file is auto-generated *\/\n!function(d,l){\"use strict\";l.querySelector&&d.addEventListener&&\"undefined\"!=typeof URL&&(d.wp=d.wp||{},d.wp.receiveEmbedMessage||(d.wp.receiveEmbedMessage=function(e){var t=e.data;if((t||t.secret||t.message||t.value)&&!\/[^a-zA-Z0-9]\/.test(t.secret)){for(var s,r,n,a=l.querySelectorAll('iframe[data-secret=\"'+t.secret+'\"]'),o=l.querySelectorAll('blockquote[data-secret=\"'+t.secret+'\"]'),c=new RegExp(\"^https?:$\",\"i\"),i=0;i<o.length;i++)o[i].style.display=\"none\";for(i=0;i<a.length;i++)s=a[i],e.source===s.contentWindow&&(s.removeAttribute(\"style\"),\"height\"===t.message?(1e3<(r=parseInt(t.value,10))?r=1e3:~~r<200&&(r=200),s.height=r):\"link\"===t.message&&(r=new URL(s.getAttribute(\"src\")),n=new URL(t.value),c.test(n.protocol))&&n.host===r.host&&l.activeElement===s&&(d.top.location.href=t.value))}},d.addEventListener(\"message\",d.wp.receiveEmbedMessage,!1),l.addEventListener(\"DOMContentLoaded\",function(){for(var e,t,s=l.querySelectorAll(\"iframe.wp-embedded-content\"),r=0;r<s.length;r++)(t=(e=s[r]).getAttribute(\"data-secret\"))||(t=Math.random().toString(36).substring(2,12),e.src+=\"#?secret=\"+t,e.setAttribute(\"data-secret\",t)),e.contentWindow.postMessage({message:\"ready\",secret:t},\"*\")},!1)))}(window,document);\n\/\/# sourceURL=https:\/\/forfattarforbundet.se\/wp\/wp-includes\/js\/wp-embed.min.js\n\/* ]]> *\/\n<\/script>\n","description":"Det har varit ett annorlunda \u00e5r f\u00f6r oss alla. Karant\u00e4n av varierande grad har p\u00e5 olika s\u00e4tt p\u00e5verkat v\u00e5ra liv, v\u00e5rt yrkesut\u00f6vande och v\u00e5r frihet. Vi vet att m\u00e5nga kvinnor har drabbats extra h\u00e5rt av situationen. I Belarus p\u00e5g\u00e5r samtidigt som pandemin en demonisk jakt p\u00e5 konstn\u00e4rliga ut\u00f6vare. Vi har kunnat se och beundra det...","thumbnail_url":"https:\/\/forfattarforbundet.se\/app\/uploads\/2021\/02\/kayo_mpoyi_besk.jpg","thumbnail_width":473,"thumbnail_height":330}

Författarförbundet

Åsa Nordlinder

8 mars kl 18.30 – Kvinnor vid brunnen - Författarförbundet

<blockquote class="wp-embedded-content" data-secret="FIY1ZYrCyU"><a href="https://forfattarforbundet.se/kalendarium/kalenderhandelse/8-mars-kl-18-30-kvinnor-vid-brunnen/">8 mars kl 18.30 – Kvinnor vid brunnen</a></blockquote><iframe sandbox="allow-scripts" security="restricted" src="https://forfattarforbundet.se/kalendarium/kalenderhandelse/8-mars-kl-18-30-kvinnor-vid-brunnen/embed/#?secret=FIY1ZYrCyU" width="600" height="338" title="”8 mars kl 18.30 – Kvinnor vid brunnen” &ndash; Författarförbundet" data-secret="FIY1ZYrCyU" frameborder="0" marginwidth="0" marginheight="0" scrolling="no" class="wp-embedded-content"></iframe><script type="text/javascript">
/* <![CDATA[ */
/*! This file is auto-generated */
!function(d,l){"use strict";l.querySelector&&d.addEventListener&&"undefined"!=typeof URL&&(d.wp=d.wp||{},d.wp.receiveEmbedMessage||(d.wp.receiveEmbedMessage=function(e){var t=e.data;if((t||t.secret||t.message||t.value)&&!/[^a-zA-Z0-9]/.test(t.secret)){for(var s,r,n,a=l.querySelectorAll('iframe[data-secret="'+t.secret+'"]'),o=l.querySelectorAll('blockquote[data-secret="'+t.secret+'"]'),c=new RegExp("^https?:$","i"),i=0;i<o.length;i++)o[i].style.display="none";for(i=0;i<a.length;i++)s=a[i],e.source===s.contentWindow&&(s.removeAttribute("style"),"height"===t.message?(1e3<(r=parseInt(t.value,10))?r=1e3:~~r<200&&(r=200),s.height=r):"link"===t.message&&(r=new URL(s.getAttribute("src")),n=new URL(t.value),c.test(n.protocol))&&n.host===r.host&&l.activeElement===s&&(d.top.location.href=t.value))}},d.addEventListener("message",d.wp.receiveEmbedMessage,!1),l.addEventListener("DOMContentLoaded",function(){for(var e,t,s=l.querySelectorAll("iframe.wp-embedded-content"),r=0;r<s.length;r++)(t=(e=s[r]).getAttribute("data-secret"))||(t=Math.random().toString(36).substring(2,12),e.src+="#?secret="+t,e.setAttribute("data-secret",t)),e.contentWindow.postMessage({message:"ready",secret:t},"*")},!1)))}(window,document);
//# sourceURL=https://forfattarforbundet.se/wp/wp-includes/js/wp-embed.min.js
/* ]]> */
</script>

Det har varit ett annorlunda år för oss alla. Karantän av varierande grad har på olika sätt påverkat våra liv, vårt yrkesutövande och vår frihet. Vi vet att många kvinnor har drabbats extra hårt av situationen. I Belarus pågår samtidigt som pandemin en demonisk jakt på konstnärliga utövare. Vi har kunnat se och beundra det...
