{"version":"1.0","provider_name":"F\u00f6rfattarf\u00f6rbundet","provider_url":"https:\/\/forfattarforbundet.se","author_name":"\u00c5sa Nordlinder","author_url":"https:\/\/forfattarforbundet.se\/author\/nordlinder\/","title":"Dags att anm\u00e4la b\u00f6cker till Svensk Bokkonst - F\u00f6rfattarf\u00f6rbundet","type":"rich","width":600,"height":338,"html":"<blockquote class=\"wp-embedded-content\" data-secret=\"XwEgHaP8Gu\"><a href=\"https:\/\/forfattarforbundet.se\/dags-att-anmala-bocker-till-svensk-bokkonst\/\">Dags att anm\u00e4la b\u00f6cker till Svensk Bokkonst<\/a><\/blockquote><iframe sandbox=\"allow-scripts\" security=\"restricted\" src=\"https:\/\/forfattarforbundet.se\/dags-att-anmala-bocker-till-svensk-bokkonst\/embed\/#?secret=XwEgHaP8Gu\" width=\"600\" height=\"338\" title=\"\u201dDags att anm\u00e4la b\u00f6cker till Svensk Bokkonst\u201d &ndash; F\u00f6rfattarf\u00f6rbundet\" data-secret=\"XwEgHaP8Gu\" frameborder=\"0\" marginwidth=\"0\" marginheight=\"0\" scrolling=\"no\" class=\"wp-embedded-content\"><\/iframe><script type=\"text\/javascript\">\n\/* <![CDATA[ *\/\n\/*! This file is auto-generated *\/\n!function(d,l){\"use strict\";l.querySelector&&d.addEventListener&&\"undefined\"!=typeof URL&&(d.wp=d.wp||{},d.wp.receiveEmbedMessage||(d.wp.receiveEmbedMessage=function(e){var t=e.data;if((t||t.secret||t.message||t.value)&&!\/[^a-zA-Z0-9]\/.test(t.secret)){for(var s,r,n,a=l.querySelectorAll('iframe[data-secret=\"'+t.secret+'\"]'),o=l.querySelectorAll('blockquote[data-secret=\"'+t.secret+'\"]'),c=new RegExp(\"^https?:$\",\"i\"),i=0;i<o.length;i++)o[i].style.display=\"none\";for(i=0;i<a.length;i++)s=a[i],e.source===s.contentWindow&&(s.removeAttribute(\"style\"),\"height\"===t.message?(1e3<(r=parseInt(t.value,10))?r=1e3:~~r<200&&(r=200),s.height=r):\"link\"===t.message&&(r=new URL(s.getAttribute(\"src\")),n=new URL(t.value),c.test(n.protocol))&&n.host===r.host&&l.activeElement===s&&(d.top.location.href=t.value))}},d.addEventListener(\"message\",d.wp.receiveEmbedMessage,!1),l.addEventListener(\"DOMContentLoaded\",function(){for(var e,t,s=l.querySelectorAll(\"iframe.wp-embedded-content\"),r=0;r<s.length;r++)(t=(e=s[r]).getAttribute(\"data-secret\"))||(t=Math.random().toString(36).substring(2,12),e.src+=\"#?secret=\"+t,e.setAttribute(\"data-secret\",t)),e.contentWindow.postMessage({message:\"ready\",secret:t},\"*\")},!1)))}(window,document);\n\/\/# sourceURL=https:\/\/forfattarforbundet.se\/wp\/wp-includes\/js\/wp-embed.min.js\n\/* ]]> *\/\n<\/script>\n","thumbnail_url":"https:\/\/forfattarforbundet.se\/app\/uploads\/2022\/12\/svensk_bokkonst.png","thumbnail_width":180,"thumbnail_height":180,"description":"Svensk Bokkonst vill stimulera och inspirera bokbranschen till \u00f6kad kvalitet inom produktionen av pappersb\u00f6cker. Varje \u00e5r utlyses en t\u00e4vling f\u00f6r f\u00f6red\u00f6mligt producerade b\u00f6cker. Nu \u00e4r det dags att anm\u00e4la 2022 \u00e5rs bidrag."}

Författarförbundet

Åsa Nordlinder

Dags att anmäla böcker till Svensk Bokkonst - Författarförbundet

<blockquote class="wp-embedded-content" data-secret="XwEgHaP8Gu"><a href="https://forfattarforbundet.se/dags-att-anmala-bocker-till-svensk-bokkonst/">Dags att anmäla böcker till Svensk Bokkonst</a></blockquote><iframe sandbox="allow-scripts" security="restricted" src="https://forfattarforbundet.se/dags-att-anmala-bocker-till-svensk-bokkonst/embed/#?secret=XwEgHaP8Gu" width="600" height="338" title="”Dags att anmäla böcker till Svensk Bokkonst” &ndash; Författarförbundet" data-secret="XwEgHaP8Gu" frameborder="0" marginwidth="0" marginheight="0" scrolling="no" class="wp-embedded-content"></iframe><script type="text/javascript">
/* <![CDATA[ */
/*! This file is auto-generated */
!function(d,l){"use strict";l.querySelector&&d.addEventListener&&"undefined"!=typeof URL&&(d.wp=d.wp||{},d.wp.receiveEmbedMessage||(d.wp.receiveEmbedMessage=function(e){var t=e.data;if((t||t.secret||t.message||t.value)&&!/[^a-zA-Z0-9]/.test(t.secret)){for(var s,r,n,a=l.querySelectorAll('iframe[data-secret="'+t.secret+'"]'),o=l.querySelectorAll('blockquote[data-secret="'+t.secret+'"]'),c=new RegExp("^https?:$","i"),i=0;i<o.length;i++)o[i].style.display="none";for(i=0;i<a.length;i++)s=a[i],e.source===s.contentWindow&&(s.removeAttribute("style"),"height"===t.message?(1e3<(r=parseInt(t.value,10))?r=1e3:~~r<200&&(r=200),s.height=r):"link"===t.message&&(r=new URL(s.getAttribute("src")),n=new URL(t.value),c.test(n.protocol))&&n.host===r.host&&l.activeElement===s&&(d.top.location.href=t.value))}},d.addEventListener("message",d.wp.receiveEmbedMessage,!1),l.addEventListener("DOMContentLoaded",function(){for(var e,t,s=l.querySelectorAll("iframe.wp-embedded-content"),r=0;r<s.length;r++)(t=(e=s[r]).getAttribute("data-secret"))||(t=Math.random().toString(36).substring(2,12),e.src+="#?secret="+t,e.setAttribute("data-secret",t)),e.contentWindow.postMessage({message:"ready",secret:t},"*")},!1)))}(window,document);
//# sourceURL=https://forfattarforbundet.se/wp/wp-includes/js/wp-embed.min.js
/* ]]> */
</script>

Svensk Bokkonst vill stimulera och inspirera bokbranschen till ökad kvalitet inom produktionen av pappersböcker. Varje år utlyses en tävling för föredömligt producerade böcker. Nu är det dags att anmäla 2022 års bidrag.
