{"version":"1.0","provider_name":"F\u00f6rfattarf\u00f6rbundet","provider_url":"https:\/\/forfattarforbundet.se","author_name":"\u00c5sa Nordlinder","author_url":"https:\/\/forfattarforbundet.se\/author\/nordlinder\/","title":"ALIS-priset till Ove Renqvist! - F\u00f6rfattarf\u00f6rbundet","type":"rich","width":600,"height":338,"html":"<blockquote class=\"wp-embedded-content\" data-secret=\"VBOltvHXLo\"><a href=\"https:\/\/forfattarforbundet.se\/alis-priset-till-ove-renqvist\/\">ALIS-priset till Ove Renqvist!<\/a><\/blockquote><iframe sandbox=\"allow-scripts\" security=\"restricted\" src=\"https:\/\/forfattarforbundet.se\/alis-priset-till-ove-renqvist\/embed\/#?secret=VBOltvHXLo\" width=\"600\" height=\"338\" title=\"\u201dALIS-priset till Ove Renqvist!\u201d &ndash; F\u00f6rfattarf\u00f6rbundet\" data-secret=\"VBOltvHXLo\" frameborder=\"0\" marginwidth=\"0\" marginheight=\"0\" scrolling=\"no\" class=\"wp-embedded-content\"><\/iframe><script type=\"text\/javascript\">\n\/* <![CDATA[ *\/\n\/*! This file is auto-generated *\/\n!function(d,l){\"use strict\";l.querySelector&&d.addEventListener&&\"undefined\"!=typeof URL&&(d.wp=d.wp||{},d.wp.receiveEmbedMessage||(d.wp.receiveEmbedMessage=function(e){var t=e.data;if((t||t.secret||t.message||t.value)&&!\/[^a-zA-Z0-9]\/.test(t.secret)){for(var s,r,n,a=l.querySelectorAll('iframe[data-secret=\"'+t.secret+'\"]'),o=l.querySelectorAll('blockquote[data-secret=\"'+t.secret+'\"]'),c=new RegExp(\"^https?:$\",\"i\"),i=0;i<o.length;i++)o[i].style.display=\"none\";for(i=0;i<a.length;i++)s=a[i],e.source===s.contentWindow&&(s.removeAttribute(\"style\"),\"height\"===t.message?(1e3<(r=parseInt(t.value,10))?r=1e3:~~r<200&&(r=200),s.height=r):\"link\"===t.message&&(r=new URL(s.getAttribute(\"src\")),n=new URL(t.value),c.test(n.protocol))&&n.host===r.host&&l.activeElement===s&&(d.top.location.href=t.value))}},d.addEventListener(\"message\",d.wp.receiveEmbedMessage,!1),l.addEventListener(\"DOMContentLoaded\",function(){for(var e,t,s=l.querySelectorAll(\"iframe.wp-embedded-content\"),r=0;r<s.length;r++)(t=(e=s[r]).getAttribute(\"data-secret\"))||(t=Math.random().toString(36).substring(2,12),e.src+=\"#?secret=\"+t,e.setAttribute(\"data-secret\",t)),e.contentWindow.postMessage({message:\"ready\",secret:t},\"*\")},!1)))}(window,document);\n\/\/# sourceURL=https:\/\/forfattarforbundet.se\/wp\/wp-includes\/js\/wp-embed.min.js\n\/* ]]> *\/\n<\/script>\n","thumbnail_url":"https:\/\/forfattarforbundet.se\/app\/uploads\/2022\/12\/ALIS.jpg","thumbnail_width":300,"thumbnail_height":115,"description":"\"Ove Renqvist har k\u00e4mpat f\u00f6r v\u00e4rdet p\u00e5 sin egen upphovsr\u00e4tt, men hans framg\u00e5ng har ocks\u00e5 betydelse f\u00f6r andra. Ers\u00e4ttningsniv\u00e5erna f\u00f6r upphovsr\u00e4tt \u00e4r under st\u00e4ndigt ifr\u00e5gas\u00e4ttande p\u00e5 alla kulturomr\u00e5den, s\u00e5 varje r\u00e4ttsligt fastst\u00e4llande av sk\u00e4liga niv\u00e5er \u00e4r ytterst viktigt.\""}

Författarförbundet

Åsa Nordlinder

ALIS-priset till Ove Renqvist! - Författarförbundet

<blockquote class="wp-embedded-content" data-secret="VBOltvHXLo"><a href="https://forfattarforbundet.se/alis-priset-till-ove-renqvist/">ALIS-priset till Ove Renqvist!</a></blockquote><iframe sandbox="allow-scripts" security="restricted" src="https://forfattarforbundet.se/alis-priset-till-ove-renqvist/embed/#?secret=VBOltvHXLo" width="600" height="338" title="”ALIS-priset till Ove Renqvist!” &ndash; Författarförbundet" data-secret="VBOltvHXLo" frameborder="0" marginwidth="0" marginheight="0" scrolling="no" class="wp-embedded-content"></iframe><script type="text/javascript">
/* <![CDATA[ */
/*! This file is auto-generated */
!function(d,l){"use strict";l.querySelector&&d.addEventListener&&"undefined"!=typeof URL&&(d.wp=d.wp||{},d.wp.receiveEmbedMessage||(d.wp.receiveEmbedMessage=function(e){var t=e.data;if((t||t.secret||t.message||t.value)&&!/[^a-zA-Z0-9]/.test(t.secret)){for(var s,r,n,a=l.querySelectorAll('iframe[data-secret="'+t.secret+'"]'),o=l.querySelectorAll('blockquote[data-secret="'+t.secret+'"]'),c=new RegExp("^https?:$","i"),i=0;i<o.length;i++)o[i].style.display="none";for(i=0;i<a.length;i++)s=a[i],e.source===s.contentWindow&&(s.removeAttribute("style"),"height"===t.message?(1e3<(r=parseInt(t.value,10))?r=1e3:~~r<200&&(r=200),s.height=r):"link"===t.message&&(r=new URL(s.getAttribute("src")),n=new URL(t.value),c.test(n.protocol))&&n.host===r.host&&l.activeElement===s&&(d.top.location.href=t.value))}},d.addEventListener("message",d.wp.receiveEmbedMessage,!1),l.addEventListener("DOMContentLoaded",function(){for(var e,t,s=l.querySelectorAll("iframe.wp-embedded-content"),r=0;r<s.length;r++)(t=(e=s[r]).getAttribute("data-secret"))||(t=Math.random().toString(36).substring(2,12),e.src+="#?secret="+t,e.setAttribute("data-secret",t)),e.contentWindow.postMessage({message:"ready",secret:t},"*")},!1)))}(window,document);
//# sourceURL=https://forfattarforbundet.se/wp/wp-includes/js/wp-embed.min.js
/* ]]> */
</script>

"Ove Renqvist har kämpat för värdet på sin egen upphovsrätt, men hans framgång har också betydelse för andra. Ersättningsnivåerna för upphovsrätt är under ständigt ifrågasättande på alla kulturområden, så varje rättsligt fastställande av skäliga nivåer är ytterst viktigt."
